2 - -3). Let c(a) be the first derivative of j - 2*a**2 + 0*a - 3 - a. Give c(-1).
3
Let h(o) be the second derivative of 0*o**3 - 2/3*o**4 + 1/20*o**5 + 0 - 25*o - 3*o**2. Calculate h(8).
-6
Let m(g) = -g**3 - 4*g**2 - 4*g. Let l be m(-3). Let y(v) = -4*v**2 - 33*v + 36*v - 15*v**3 + 16*v**3. Determine y(l).
0
Let i(u) be the second derivative of -u**8/6720 - u**7/630 + u**6/360 - u**5/40 - 17*u**4/12 - 5*u. Let z(n) be the third derivative of i(n). Determine z(-4).
-11
Let o(i) be the first derivative of 3*i**2/2 - 4*i - 2. Let z(q) = -2*q + 8. Let r be z(6). Calculate o(r).
-16
Let h(t) = t - 2. Let u(a) = -a**3 - 4*a**2 - 4. Let r be u(-4). Calculate h(r).
-6
Let g(t) = -3*t**2 + 7*t + 5. Let s(w) = 7*w**2 - 15*w - 11. Let k(p) = 9*g(p) + 4*s(p). Suppose 5 - 11 = 2*i. Calculate k(i).
1
Let y(v) = 2*v + 6. Let s(z) = -3*z - 8. Let r(x) = -3*s(x) - 4*y(x). Calculate r(2).
2
Let w(o) = -8*o**2 - 3*o - 4. Let p(k) = 9*k**2 + 4*k + 5. Let h(v) = 3*p(v) + 4*w(v). Let g = 4 - 8. Let r be (g + (0 - -3))*-1. Give h(r).
-6
Let v(y) = -2 + y**2 - 4 + y + 4. Let d = 21 - 15. Suppose -5*l - 5 = h + d, 2*h + 4 = -l. Determine v(l).
0
Let v(t) = -7*t**2 + 2 - 13*t + 13*t. Let j(m) = -15*m**2 + m + 5. Let h(o) = 6*j(o) - 13*v(o). Give h(-6).
4
Let u(k) be the second derivative of 0 + 0*k**2 - 1/120*k**5 - 1/45*k**6 + 0*k**4 - 5/6*k**3 + 5*k. Let z(i) be the second derivative of u(i). Give z(-1).
-7
Let d(j) = -2*j**3 + 12*j**2 + 18*j + 6. Let t(g) = -3*g**3 + 18*g**2 + 26*g + 10. Let w(p) = -7*d(p) + 5*t(p). Let l = 4 - -3. Give w(l).
-13
Let a(v) be the second derivative of v**3/3 - 212*v. Give a(-3).
-6
Suppose 3*k = 5*h + k - 13, -h + 2*k = -1. Suppose -2*d + 0 = -4. Let l(a) = -3*a**d - 2*a**3 + 4 + 3*a - 3*a + 3*a**3. Give l(h).
4
Suppose 38*p = 34*p - 40. Let l(i) = -i**3 - 10*i**2 + 2*i + 3. What is l(p)?
-17
Let y be (2 + -1)/((-7)/(-35)). Let l(c) = -2*c + y*c - 2 + 6*c. Give l(2).
16
Let j be 30/(-105) + 2/7. Let s(y) be the second derivative of y**3/6 - 5*y**2 - 2*y. What is s(j)?
-10
Let f be (-13)/(-5) + 8/20. Let m(g) = 15*g - 5*g + f*g. Let b = 355 - 354. What is m(b)?
13
Let l(m) = m**3 + 5*m**2 - 8*m - 9. Let r(z) = -z - 13. Let k be r(-7). What is l(k)?
3
Let i(d) be the first derivative of -d**3/3 - 11*d**2/2 - 24*d + 506. Determine i(-6).
6
Let c(r) = 12 + 4 + 2974*r - 2973*r. Determine c(-5).
11
Suppose 3*b = -12, -2*b + 19 = 4*i + 27. Let q(m) = -3*m**2 - 8*m + 4. Let s(p) = 2*p**2 + 5*p - 3. Let r(u) = 5*q(u) + 8*s(u). Determine r(i).
-4
Let j(o) = 0*o**2 - 1 - 17 - 3*o**2 + 10 + 10*o + 2*o**2. Give j(6).
16
Let f(n) = n**2 + 14*n - 13. Suppose 163 = -18*g - 107. Calculate f(g).
2
Let o(l) be the third derivative of l**4/24 + 3*l**3 + 4*l**2 + 25. Calculate o(-15).
3
Suppose 110*x = 111*x + 4*k - 6, 4 = 2*k. Let t(p) be the third derivative of p**5/30 + p**4/12 + p**3/3 - 2*p**2. Calculate t(x).
6
Let q(z) be the second derivative of z**4/24 + 5*z**3/6 + 7*z**2/2 + 10*z. Let n(b) be the first derivative of q(b). Calculate n(0).
5
Let r be 296/(-56) - 4/(-14). Let a(u) be the third derivative of -u**6/120 - u**5/12 + u**4/24 + u**3/3 - 30*u**2. Determine a(r).
-3
Let x(q) = 72*q - 127*q + 56*q - 3. Determine x(3).
0
Let j(r) be the second derivative of r**4/6 - r**3/6 + 110*r. Calculate j(1).
1
Let h(l) be the first derivative of -l**3/3 - 7*l**2 - 22*l - 211. Give h(-13).
-9
Let f(d) be the second derivative of d**5/24 - d**4/8 + 5*d**3/6 + 29*d. Let p(l) be the second derivative of f(l). What is p(2)?
7
Let w(c) = -6*c + 5. Let f = -2491 - -2488. Determine w(f).
23
Let f(p) = p**2 - 5*p - 26. Let j be f(9). Let n(i) = 3*i**2 - 12*i - 1. Let w(r) = 4*r**2 - 13*r - 2. Let z(o) = -3*n(o) + 2*w(o). Calculate z(j).
-1
Let v(x) be the second derivative of x**4/2 + x**2/2 - 57*x. Calculate v(-1).
7
Let d(f) = 18*f**3 + f**2 + 2*f + 1. Let b(g) = 3*g**2 - 3 + 2 - 9*g + 0*g. Let v be b(3). Give d(v).
-18
Let g(j) = -j - 2. Suppose -2*q - 3*q = -4*l + 1, 0 = -3*l - 3*q - 33. Let i be l*(6/(-4))/1. Let z be (-1)/(-1) - i/3. Determine g(z).
0
Let c(q) = -q**3 + 3*q**2 + 6*q. Let r be c(4). Let l(w) = w - 3. What is l(r)?
5
Let n(o) be the second derivative of o**5/20 - o**2/2 + o. Let b(g) = 4*g**3 + 4*g**2 + 3*g - 9. Let k(m) = b(m) - 5*n(m). Give k(3).
14
Let b(w) be the second derivative of 5*w**3/3 - 15*w**2/2 - 6*w. Let o(g) = -7*g + 10. Let u(q) = 5*b(q) + 7*o(q). Calculate u(5).
0
Let a(m) = -m**3 - 5*m**2 + m + 5. Let w(j) = -j - 7. Let k be 6/(3/1) - 4. Let h be w(k). Give a(h).
0
Let r(h) be the first derivative of -9*h + 1/12*h**4 + 0*h**2 + 1 + h**3. Let y(u) be the first derivative of r(u). Calculate y(-6).
0
Let c(s) be the first derivative of -s**4/4 + s**3/3 - 1. Let j(p) = -3*p**3 - 15*p + 8*p + 3 + p**2 + 2*p. Let r(k) = 4*c(k) - j(k). Give r(4).
1
Let s(w) = -w**3 - w**2 - w - 1. Suppose r + 9 = 3*v, 4*v - 12 = -0*r + 3*r. Suppose 5*m - 15 = 5*l, -5*m - v = -2*l - 0*l. Let t = l + 5. Calculate s(t).
0
Let n = -2 - -1. Let o(l) = 3*l + 5. Let k(r) = 4*r + 7. Let s(z) = 2*k(z) - 3*o(z). Let m(b) = 2*b - 2. Let f(p) = m(p) - 3*s(p). Determine f(n).
-4
Suppose 8 = i - 3*i, -2*x + 5*i = -24. Let c(m) = m**3 - m - 1. Let b(v) = 3*v**3 + 4 - 1 - 2*v**3. Let a(t) = x*c(t) + b(t). Give a(1).
2
Let j(f) be the third derivative of f**8/20160 + f**7/504 + f**6/180 - f**5/60 + 6*f**2. Let o(g) be the third derivative of j(g). What is o(-9)?
-5
Let c(o) = o**2 + o - 1. Let l(w) = 5*w**2 + 4*w - 7. Let b(k) = -6*c(k) + l(k). Let f = 43 - 40. Suppose f*n + j = n - 11, -19 = 4*n + j. What is b(n)?
-9
Let t(j) = j - 5. Let a(g) = g - 4. Let f(v) = 7*a(v) - 6*t(v). Give f(-6).
-4
Suppose 16 = -7*a + 3*a. Let d(c) = -c**3 - 4*c**2 - c - 2. What is d(a)?
2
Let n(w) = 549*w + 553*w + 552*w + 549*w - 2199*w. Suppose -3*m + 2*t = -2 + 6, -4*t - 14 = 5*m. Calculate n(m).
-8
Suppose 10*j - 4*j - 27 = 9. Let q(x) be the first derivative of x**3/3 - 9*x**2/2 + 9*x - 2. What is q(j)?
-9
Let r(k) be the second derivative of 7*k**5/20 - k**3/3 + k**2/2 + 2*k. Let y be -3 + -3 + -3 + 10. Determine r(y).
6
Let w = 44 + -44. Let g(f) = 42 + f**3 - 45 + 2*f - 4*f + w*f + 2*f**2. What is g(-3)?
-6
Let p(o) = -o - 20. Let b(a) = a + 19. Let m(z) = 4*b(z) + 3*p(z). Give m(0).
16
Let p(z) be the first derivative of -13*z**4/4 + z**3/3 - z**2 + z - 245. What is p(1)?
-13
Let y = 51 + -41. Let g(w) = -2*w - 10 + 12 - 1 - w**2 + y*w. What is g(7)?
8
Let k(w) = 15*w**2 - 59*w - 91. Let j(q) = 8*q**2 - 29*q - 45. Let t(y) = -7*j(y) + 4*k(y). Let c(n) = -n**2 + 8*n + 12. Let s(a) = 9*c(a) + 2*t(a). Give s(8).
-6
Let p(u) be the second derivative of u**8/6720 - u**7/2520 + 11*u**5/120 - u**4/2 + u. Let y(v) be the third derivative of p(v). Calculate y(0).
11
Suppose 0 = 6*v - 31 - 5. Let p(u) = -u**2 + 8*u - 8. What is p(v)?
4
Let o(j) be the first derivative of j**3/3 + 3*j**2 + 2*j - 615. Determine o(-7).
9
Let z(q) = 1 - 31*q + 10*q + 17*q. Let k(h) = h. Let i(r) = -2*k(r) - z(r). What is i(1)?
1
Let x(v) = -v**2 - 7*v + 6. Let o be (1 - (-5)/(-2))/(3/68). Let f = o + 26. Give x(f).
-2
Let o(c) be the second derivative of c**5/10 - 2*c**4 - 3*c**2/2 + 5*c. Let x be o(12). Let t(a) = a**3 + a**2 - 3*a - 2. Calculate t(x).
-11
Let c(d) be the second derivative of 5*d**3/6 - d**2 + d. Suppose 8*u - 12 = 2*u. What is c(u)?
8
Let s(g) = -g**3 - 6*g**2 - 6*g - 1. Let l(q) = -493*q**3 + 0*q + 2 + 492*q**3 + q. Let f be l(0). Suppose f*t - 13 = 5*n - t, -4*t = -5*n - 9. Determine s(n).
4
Let b(c) = 7*c - 6. Let j(d) = 10*d - 9. Let w(k) = -8*b(k) + 5*j(k). Give w(-4).
27
Let y(c) = 11*c - 3. Let n(k) = 43*k - 13. Let u(g) = -9*g + 9. Let r be u(2). Let t(q) = r*y(q) + 2*n(q). Give t(1).
-12
Let c(h) = -41*h**2 - 9*h + 3. Let n(b) = 20*b**2 + 4*b - 1. Let u(p) = 2*c(p) + 5*n(p). Suppose -o - 2*o - 2*y = 11, -2*o - 5*y - 22 = 0. Calculate u(o).
17
Suppose -296*z - 18 = -302*z. Let m(w) be the second derivative of 1/2*w**z + 0 - 1/12*w**4 - 11*w + 0*w**2. Determine m(-3).
-18
Let y = 26 - 36. Let m = 14 + y. Let v(q) = 0*q - 55 - 2*q + 55. Give v(m).
-8
Suppose -3 + 19 = 4*w. Suppose 0 = 5*t - t + w. Let s(n) be the third derivative of -n**6/120 + n**4/24 + n**3/6 - n**2. Calculate s(t).
1
Let h(t) be the second derivative of -t**4/12 + 2*t**3/3 + 3*t**2 + 8*t. Suppose -5*